st the prime factors of 12708.
2, 3, 353
What are the prime factors of 8712?
2, 3, 11
List the prime factors of 27538.
2, 7, 281
What are the prime factors of 2655?
3, 5, 59
What are the prime factors of 15022?
2, 7, 29, 37
List the prime factors of 1795.
5, 359
What are the prime factors of 18603?
3, 13, 53
List the prime factors of 366.
2, 3, 61
List the prime factors of 1296.
2, 3
What are the prime factors of 301?
7, 43
What are the prime factors of 120087?
3, 11, 1213
What are the prime factors of 6588?
2, 3, 61
What are the prime factors of 40810?
2, 5, 7, 11, 53
What are the prime factors of 5202?
2, 3, 17
List the prime factors of 12659.
12659
List the prime factors of 16712.
2, 2089
List the prime factors of 10773.
3, 7, 19
What are the prime factors of 3726?
2, 3, 23
List the prime factors of 69304.
2, 8663
What are the prime factors of 5580?
2, 3, 5, 31
What are the prime factors of 18600?
2, 3, 5, 31
List the prime factors of 2997.
3, 37
List the prime factors of 7052.
2, 41, 43
List the prime factors of 53789.
19, 149
What are the prime factors of 1456?
2, 7, 13
What are the prime factors of 23525?
5, 941
List the prime factors of 500.
2, 5
What are the prime factors of 21307?
11, 13, 149
What are the prime factors of 12899?
12899
List the prime factors of 3309.
3, 1103
What are the prime factors of 856?
2, 107
List the prime factors of 19055.
5, 37, 103
What are the prime factors of 17457?
3, 11, 23
What are the prime factors of 7365?
3, 5, 491
List the prime factors of 17246.
2, 8623
List the prime factors of 15995.
5, 7, 457
What are the prime factors of 1633?
23, 71
List the prime factors of 53539.
37, 1447
What are the prime factors of 4602?
2, 3, 13, 59
List the prime factors of 44229.
3, 23, 641
List the prime factors of 41570.
2, 5, 4157
What are the prime factors of 2506?
2, 7, 179
What are the prime factors of 19715?
5, 3943
What are the prime factors of 14749?
7, 43
What are the prime factors of 3788?
2, 947
List the prime factors of 38561.
38561
What are the prime factors of 3936?
2, 3, 41
List the prime factors of 37307.
37307
List the prime factors of 1737.
3, 193
What are the prime factors of 27062?
2, 7, 1933
List the prime factors of 11690.
2, 5, 7, 167
List the prime factors of 32062.
2, 17, 23, 41
List the prime factors of 7119.
3, 7, 113
List the prime factors of 204244.
2, 51061
What are the prime factors of 102538?
2, 167, 307
List the prime factors of 109805.
5, 21961
List the prime factors of 3525.
3, 5, 47
List the prime factors of 60589.
60589
What are the prime factors of 1226?
2, 613
What are the prime factors of 9196?
2, 11, 19
List the prime factors of 943.
23, 41
What are the prime factors of 2607?
3, 11, 79
List the prime factors of 83870.
2, 5, 8387
What are the prime factors of 588?
2, 3, 7
What are the prime factors of 2126?
2, 1063
List the prime factors of 2764.
2, 691
What are the prime factors of 2125?
5, 17
What are the prime factors of 101290?
2, 5, 7, 1447
List the prime factors of 1395.
3, 5, 31
List the prime factors of 740.
2, 5, 37
List the prime factors of 7171.
71, 101
What are the prime factors of 722?
2, 19
List the prime factors of 57114.
2, 3, 19, 167
What are the prime factors of 88255?
5, 19, 929
What are the prime factors of 8125?
5, 13
What are the prime factors of 242?
2, 11
List the prime factors of 503.
503
List the prime factors of 4915.
5, 983
What are the prime factors of 5286?
2, 3, 881
What are the prime factors of 4235?
5, 7, 11
What are the prime factors of 813?
3, 271
List the prime factors of 16972.
2, 4243
List the prime factors of 13.
13
What are the prime factors of 1163?
1163
What are the prime factors of 99397?
99397
What are the prime factors of 1037?
17, 61
List the prime factors of 35477.
13, 2729
List the prime factors of 59043.
3, 19681
List the prime factors of 1349.
19, 71
List the prime factors of 29169.
3, 7, 463
List the prime factors of 8391.
3, 2797
What are the prime factors of 2749?
2749
What are the prime factors of 166?
2, 83
What are the prime factors of 7677?
3, 853
What are the prime factors of 6400?
2, 5
List the prime factors of 77473.
11, 7043
What are the prime factors of 2688?
2, 3, 7
List the prime factors of 448.
2, 7
List the prime factors of 21635.
5, 4327
What are the prime factors of 7226?
2, 3613
List the prime factors of 2159.
17, 127
What are the prime factors of 34192?
2, 2137
List the prime factors of 7500.
2, 3, 5
List the prime factors of 2951.
13, 227
What are the prime factors of 60892?
2, 13, 1171
List the prime factors of 230.
2, 5, 23
What are the prime factors of 771?
3, 257
List the prime factors of 1412.
2, 353
What are the prime factors of 390?
2, 3, 5, 13
What are the prime factors of 730?
2, 5, 73
List the prime factors of 11619.
3, 1291
List the prime factors of 24573.
3, 8191
List the prime factors of 80864.
2, 7, 19
List the prime factors of 808.
2, 101
List the prime factors of 14899.
47, 317
List the prime factors of 6555.
3, 5, 19, 23
List the prime factors of 20497.
103, 199
What are the prime factors of 10785?
3, 5, 719
List the prime factors of 157.
157
List the prime factors of 332.
2, 83
List the prime factors of 13343.
11, 1213
List the prime factors of 3906.
2, 3, 7, 31
List the prime factors of 212.
2, 53
What are the prime factors of 5034?
2, 3, 839
What are the prime factors of 5104?
2, 11, 29
What are the prime factors of 4611?
3, 29, 53
List the prime factors of 1620.
2, 3, 5
What are the prime factors of 385?
5, 7, 11
List the prime factors of 2600.
2, 5, 13
What are the prime factors of 1390?
2, 5, 139
List the prime factors of 82791.
3, 9199
What are the prime factors of 1037?
17, 61
What are the prime factors of 5067?
3, 563
List the prime factors of 274.
2, 137
List the prime factors of 61142.
2, 19, 1609
What are the prime factors of 180?
2, 3, 5
What are the prime factors of 1015?
5, 7, 29
What are the prime factors of 142567?
142567
List the prime factors of 4789.
4789
List the prime factors of 70979.
70979
What are the prime factors of 1620?
2, 3, 5
List the prime factors of 26514.
2, 3, 491
What are the prime factors of 5973?
3, 11, 181
List the prime factors of 1102.
2, 19, 29
What are the prime factors of 92?
2, 23
List the prime factors of 226.
2, 113
List the prime factors of 23216.
2, 1451
What are the prime factors of 38467?
11, 13, 269
What are the prime factors of 2517?
3, 839
What are the prime factors of 19030?
2, 5, 11, 173
What are the prime factors of 4331?
61, 71
What are the prime factors of 130146?
2, 3, 109, 199
What are the prime factors of 1043?
7, 149
What are the prime factors of 93?
3, 31
What are the prime factors of 161901?
3, 17989
What are the prime factors of 5542?
2, 17, 163
List the prime factors of 9004.
2, 2251
What are the prime factors of 5787?
3, 643
List the prime factors of 76046.
2, 47, 809
List the prime factors of 87818.
2, 19, 2311
What are the prime factors of 156686?
2, 157, 499
What are the prime factors of 2228?
2, 557
List the prime factors of 78469.
131, 599
What are the prime factors of 12789?
3, 7, 29
What are the prime factors of 966?
2, 3, 7, 23
What are the prime factors of 6541?
31, 211
What are the prime factors of 2115?
3, 5, 47
What are the prime factors of 24887?
41, 607
What are the prime factors of 6920?
2, 5, 173
What are the prime factors of 9046?
2, 4523
What are the prime factors of 1166?
2, 11, 53
List the prime factors of 34442.
2, 17, 1013
What are the prime factors of 5682?
2, 3, 947
What are the prime factors of 14404?
2, 13, 277
What are the prime factors of 4027?
4027
What are the prime factors of 2731?
2731
List the prime factors of 57425.
5, 2297
List the prime factors of 47408.
2, 2963
List the prime factors of 1025.
5, 41
List the prime factors of 17033.
17033
What are the prime factors of 1454?
2, 727
List the prime factors of 32463.
3, 3607
What are the prime factors of 5760?
2, 3, 5
List the prime factors of 16417.
16417
What are the prime factors of 490?
2, 5, 7
List the prime factors of 6637.
6637
What are the prime factors of 361?
19
What are the prime factors of 44572?
2, 11, 1013
What are the prime factors of 8101?
8101
What are the prime factors of 4877?
4877
List the prime factors of 43883.
7, 6269